{"id":55,"date":"2025-08-20T17:15:36","date_gmt":"2025-08-20T15:15:36","guid":{"rendered":"https:\/\/frj.com.pl\/?page_id=55"},"modified":"2026-03-22T17:46:22","modified_gmt":"2026-03-22T16:46:22","slug":"partnerzy-wydarzenia","status":"publish","type":"page","link":"https:\/\/frj.com.pl\/?page_id=55","title":{"rendered":"PARTNERZY WYDARZENIA"},"content":{"rendered":"\n<figure class=\"wp-block-image aligncenter size-full is-resized\"><img fetchpriority=\"high\" decoding=\"async\" width=\"399\" height=\"126\" src=\"https:\/\/frj.com.pl\/wp-content\/uploads\/2026\/03\/dolny-slask-logo-4.png\" alt=\"\" class=\"wp-image-444\" style=\"aspect-ratio:3.1669193659545143;width:301px;height:auto\" srcset=\"https:\/\/frj.com.pl\/wp-content\/uploads\/2026\/03\/dolny-slask-logo-4.png 399w, https:\/\/frj.com.pl\/wp-content\/uploads\/2026\/03\/dolny-slask-logo-4-300x95.png 300w\" sizes=\"(max-width: 399px) 100vw, 399px\" \/><\/figure>\n\n\n\n<figure class=\"wp-block-image aligncenter size-full is-resized\"><img decoding=\"async\" width=\"366\" height=\"138\" src=\"https:\/\/frj.com.pl\/wp-content\/uploads\/2026\/03\/logo-tvp3-3.png\" alt=\"\" class=\"wp-image-445\" style=\"width:339px;height:auto\" srcset=\"https:\/\/frj.com.pl\/wp-content\/uploads\/2026\/03\/logo-tvp3-3.png 366w, https:\/\/frj.com.pl\/wp-content\/uploads\/2026\/03\/logo-tvp3-3-300x113.png 300w\" sizes=\"(max-width: 366px) 100vw, 366px\" \/><\/figure>\n\n\n\n<figure class=\"wp-block-image aligncenter size-full is-resized\"><img decoding=\"async\" width=\"276\" height=\"182\" src=\"https:\/\/frj.com.pl\/wp-content\/uploads\/2026\/03\/logo-dami-3.png\" alt=\"\" class=\"wp-image-446\" style=\"width:206px;height:auto\"\/><\/figure>\n\n\n\n<figure class=\"wp-block-image aligncenter size-full is-resized\"><img loading=\"lazy\" decoding=\"async\" width=\"415\" height=\"121\" src=\"https:\/\/frj.com.pl\/wp-content\/uploads\/2026\/03\/nowiny-jeleniogorskie-logo-3.jpg\" alt=\"\" class=\"wp-image-447\" style=\"width:293px;height:auto\" srcset=\"https:\/\/frj.com.pl\/wp-content\/uploads\/2026\/03\/nowiny-jeleniogorskie-logo-3.jpg 415w, https:\/\/frj.com.pl\/wp-content\/uploads\/2026\/03\/nowiny-jeleniogorskie-logo-3-300x87.jpg 300w\" sizes=\"(max-width: 415px) 100vw, 415px\" \/><\/figure>\n\n\n\n<figure class=\"wp-block-image aligncenter size-full is-resized\"><img loading=\"lazy\" decoding=\"async\" width=\"598\" height=\"84\" src=\"https:\/\/frj.com.pl\/wp-content\/uploads\/2026\/03\/konie-i-rumaki-logo-3.png\" alt=\"\" class=\"wp-image-448\" style=\"width:336px;height:auto\" srcset=\"https:\/\/frj.com.pl\/wp-content\/uploads\/2026\/03\/konie-i-rumaki-logo-3.png 598w, https:\/\/frj.com.pl\/wp-content\/uploads\/2026\/03\/konie-i-rumaki-logo-3-300x42.png 300w\" sizes=\"(max-width: 598px) 100vw, 598px\" \/><\/figure>\n\n\n\n<figure class=\"wp-block-image aligncenter size-full\"><img loading=\"lazy\" decoding=\"async\" width=\"369\" height=\"136\" src=\"https:\/\/frj.com.pl\/wp-content\/uploads\/2026\/03\/partynice-logo-2.png\" alt=\"\" class=\"wp-image-449\" srcset=\"https:\/\/frj.com.pl\/wp-content\/uploads\/2026\/03\/partynice-logo-2.png 369w, https:\/\/frj.com.pl\/wp-content\/uploads\/2026\/03\/partynice-logo-2-300x111.png 300w\" sizes=\"(max-width: 369px) 100vw, 369px\" \/><\/figure>\n\n\n\n<figure class=\"wp-block-image aligncenter size-full\"><img loading=\"lazy\" decoding=\"async\" width=\"224\" height=\"224\" src=\"https:\/\/frj.com.pl\/wp-content\/uploads\/2026\/03\/wydawnictwo-galaktyka-logo-2.png\" alt=\"\" class=\"wp-image-450\" srcset=\"https:\/\/frj.com.pl\/wp-content\/uploads\/2026\/03\/wydawnictwo-galaktyka-logo-2.png 224w, https:\/\/frj.com.pl\/wp-content\/uploads\/2026\/03\/wydawnictwo-galaktyka-logo-2-150x150.png 150w\" sizes=\"(max-width: 224px) 100vw, 224px\" \/><\/figure>\n","protected":false},"excerpt":{"rendered":"","protected":false},"author":1,"featured_media":0,"parent":0,"menu_order":0,"comment_status":"closed","ping_status":"closed","template":"","meta":{"footnotes":""},"class_list":["post-55","page","type-page","status-publish","hentry"],"blocksy_meta":[],"yoast_head":"<!-- This site is optimized with the Yoast SEO plugin v26.9 - https:\/\/yoast.com\/product\/yoast-seo-wordpress\/ -->\n<title>PARTNERZY WYDARZENIA - Fundacja Rozwoju Je\u017adziectwa<\/title>\n<meta name=\"robots\" content=\"index, follow, max-snippet:-1, max-image-preview:large, max-video-preview:-1\" \/>\n<link rel=\"canonical\" href=\"https:\/\/frj.com.pl\/?page_id=55\" \/>\n<meta property=\"og:locale\" content=\"en_US\" \/>\n<meta property=\"og:type\" content=\"article\" \/>\n<meta property=\"og:title\" content=\"PARTNERZY WYDARZENIA - Fundacja Rozwoju Je\u017adziectwa\" \/>\n<meta property=\"og:url\" content=\"https:\/\/frj.com.pl\/?page_id=55\" \/>\n<meta property=\"og:site_name\" content=\"Fundacja Rozwoju Je\u017adziectwa\" \/>\n<meta property=\"article:modified_time\" content=\"2026-03-22T16:46:22+00:00\" \/>\n<meta property=\"og:image\" content=\"https:\/\/frj.com.pl\/wp-content\/uploads\/2026\/03\/dolny-slask-logo-4.png\" \/>\n\t<meta property=\"og:image:width\" content=\"399\" \/>\n\t<meta property=\"og:image:height\" content=\"126\" \/>\n\t<meta property=\"og:image:type\" content=\"image\/png\" \/>\n<meta name=\"twitter:card\" content=\"summary_large_image\" \/>\n<meta name=\"twitter:label1\" content=\"Est. reading time\" \/>\n\t<meta name=\"twitter:data1\" content=\"2 minutes\" \/>\n<script type=\"application\/ld+json\" class=\"yoast-schema-graph\">{\"@context\":\"https:\/\/schema.org\",\"@graph\":[{\"@type\":\"WebPage\",\"@id\":\"https:\/\/frj.com.pl\/?page_id=55\",\"url\":\"https:\/\/frj.com.pl\/?page_id=55\",\"name\":\"PARTNERZY WYDARZENIA - Fundacja Rozwoju Je\u017adziectwa\",\"isPartOf\":{\"@id\":\"https:\/\/frj.com.pl\/#website\"},\"primaryImageOfPage\":{\"@id\":\"https:\/\/frj.com.pl\/?page_id=55#primaryimage\"},\"image\":{\"@id\":\"https:\/\/frj.com.pl\/?page_id=55#primaryimage\"},\"thumbnailUrl\":\"https:\/\/frj.com.pl\/wp-content\/uploads\/2026\/03\/dolny-slask-logo-4.png\",\"datePublished\":\"2025-08-20T15:15:36+00:00\",\"dateModified\":\"2026-03-22T16:46:22+00:00\",\"breadcrumb\":{\"@id\":\"https:\/\/frj.com.pl\/?page_id=55#breadcrumb\"},\"inLanguage\":\"en-US\",\"potentialAction\":[{\"@type\":\"ReadAction\",\"target\":[\"https:\/\/frj.com.pl\/?page_id=55\"]}]},{\"@type\":\"ImageObject\",\"inLanguage\":\"en-US\",\"@id\":\"https:\/\/frj.com.pl\/?page_id=55#primaryimage\",\"url\":\"https:\/\/frj.com.pl\/wp-content\/uploads\/2026\/03\/dolny-slask-logo-4.png\",\"contentUrl\":\"https:\/\/frj.com.pl\/wp-content\/uploads\/2026\/03\/dolny-slask-logo-4.png\",\"width\":399,\"height\":126},{\"@type\":\"BreadcrumbList\",\"@id\":\"https:\/\/frj.com.pl\/?page_id=55#breadcrumb\",\"itemListElement\":[{\"@type\":\"ListItem\",\"position\":1,\"name\":\"Strona g\u0142\u00f3wna\",\"item\":\"https:\/\/frj.com.pl\/\"},{\"@type\":\"ListItem\",\"position\":2,\"name\":\"PARTNERZY WYDARZENIA\"}]},{\"@type\":\"WebSite\",\"@id\":\"https:\/\/frj.com.pl\/#website\",\"url\":\"https:\/\/frj.com.pl\/\",\"name\":\"Fundacja Rozwoju Je\u017adziectwa\",\"description\":\"\u201e\u017badna chwila nie zosta\u0142a zmarnowana, je\u015bli sp\u0119dzi\u0142o si\u0119 j\u0105 w siodle\u201d Winston Churchill\",\"publisher\":{\"@id\":\"https:\/\/frj.com.pl\/#organization\"},\"potentialAction\":[{\"@type\":\"SearchAction\",\"target\":{\"@type\":\"EntryPoint\",\"urlTemplate\":\"https:\/\/frj.com.pl\/?s={search_term_string}\"},\"query-input\":{\"@type\":\"PropertyValueSpecification\",\"valueRequired\":true,\"valueName\":\"search_term_string\"}}],\"inLanguage\":\"en-US\"},{\"@type\":\"Organization\",\"@id\":\"https:\/\/frj.com.pl\/#organization\",\"name\":\"Fundacja Rozwoju Je\u017adziectwa\",\"url\":\"https:\/\/frj.com.pl\/\",\"logo\":{\"@type\":\"ImageObject\",\"inLanguage\":\"en-US\",\"@id\":\"https:\/\/frj.com.pl\/#\/schema\/logo\/image\/\",\"url\":\"https:\/\/frj.com.pl\/wp-content\/uploads\/2025\/12\/W1-1-e1767019641285.png\",\"contentUrl\":\"https:\/\/frj.com.pl\/wp-content\/uploads\/2025\/12\/W1-1-e1767019641285.png\",\"width\":500,\"height\":100,\"caption\":\"Fundacja Rozwoju Je\u017adziectwa\"},\"image\":{\"@id\":\"https:\/\/frj.com.pl\/#\/schema\/logo\/image\/\"}}]}<\/script>\n<!-- \/ Yoast SEO plugin. -->","yoast_head_json":{"title":"PARTNERZY WYDARZENIA - Fundacja Rozwoju Je\u017adziectwa","robots":{"index":"index","follow":"follow","max-snippet":"max-snippet:-1","max-image-preview":"max-image-preview:large","max-video-preview":"max-video-preview:-1"},"canonical":"https:\/\/frj.com.pl\/?page_id=55","og_locale":"en_US","og_type":"article","og_title":"PARTNERZY WYDARZENIA - Fundacja Rozwoju Je\u017adziectwa","og_url":"https:\/\/frj.com.pl\/?page_id=55","og_site_name":"Fundacja Rozwoju Je\u017adziectwa","article_modified_time":"2026-03-22T16:46:22+00:00","og_image":[{"width":399,"height":126,"url":"https:\/\/frj.com.pl\/wp-content\/uploads\/2026\/03\/dolny-slask-logo-4.png","type":"image\/png"}],"twitter_card":"summary_large_image","twitter_misc":{"Est. reading time":"2 minutes"},"schema":{"@context":"https:\/\/schema.org","@graph":[{"@type":"WebPage","@id":"https:\/\/frj.com.pl\/?page_id=55","url":"https:\/\/frj.com.pl\/?page_id=55","name":"PARTNERZY WYDARZENIA - Fundacja Rozwoju Je\u017adziectwa","isPartOf":{"@id":"https:\/\/frj.com.pl\/#website"},"primaryImageOfPage":{"@id":"https:\/\/frj.com.pl\/?page_id=55#primaryimage"},"image":{"@id":"https:\/\/frj.com.pl\/?page_id=55#primaryimage"},"thumbnailUrl":"https:\/\/frj.com.pl\/wp-content\/uploads\/2026\/03\/dolny-slask-logo-4.png","datePublished":"2025-08-20T15:15:36+00:00","dateModified":"2026-03-22T16:46:22+00:00","breadcrumb":{"@id":"https:\/\/frj.com.pl\/?page_id=55#breadcrumb"},"inLanguage":"en-US","potentialAction":[{"@type":"ReadAction","target":["https:\/\/frj.com.pl\/?page_id=55"]}]},{"@type":"ImageObject","inLanguage":"en-US","@id":"https:\/\/frj.com.pl\/?page_id=55#primaryimage","url":"https:\/\/frj.com.pl\/wp-content\/uploads\/2026\/03\/dolny-slask-logo-4.png","contentUrl":"https:\/\/frj.com.pl\/wp-content\/uploads\/2026\/03\/dolny-slask-logo-4.png","width":399,"height":126},{"@type":"BreadcrumbList","@id":"https:\/\/frj.com.pl\/?page_id=55#breadcrumb","itemListElement":[{"@type":"ListItem","position":1,"name":"Strona g\u0142\u00f3wna","item":"https:\/\/frj.com.pl\/"},{"@type":"ListItem","position":2,"name":"PARTNERZY WYDARZENIA"}]},{"@type":"WebSite","@id":"https:\/\/frj.com.pl\/#website","url":"https:\/\/frj.com.pl\/","name":"Fundacja Rozwoju Je\u017adziectwa","description":"\u201e\u017badna chwila nie zosta\u0142a zmarnowana, je\u015bli sp\u0119dzi\u0142o si\u0119 j\u0105 w siodle\u201d Winston Churchill","publisher":{"@id":"https:\/\/frj.com.pl\/#organization"},"potentialAction":[{"@type":"SearchAction","target":{"@type":"EntryPoint","urlTemplate":"https:\/\/frj.com.pl\/?s={search_term_string}"},"query-input":{"@type":"PropertyValueSpecification","valueRequired":true,"valueName":"search_term_string"}}],"inLanguage":"en-US"},{"@type":"Organization","@id":"https:\/\/frj.com.pl\/#organization","name":"Fundacja Rozwoju Je\u017adziectwa","url":"https:\/\/frj.com.pl\/","logo":{"@type":"ImageObject","inLanguage":"en-US","@id":"https:\/\/frj.com.pl\/#\/schema\/logo\/image\/","url":"https:\/\/frj.com.pl\/wp-content\/uploads\/2025\/12\/W1-1-e1767019641285.png","contentUrl":"https:\/\/frj.com.pl\/wp-content\/uploads\/2025\/12\/W1-1-e1767019641285.png","width":500,"height":100,"caption":"Fundacja Rozwoju Je\u017adziectwa"},"image":{"@id":"https:\/\/frj.com.pl\/#\/schema\/logo\/image\/"}}]}},"_links":{"self":[{"href":"https:\/\/frj.com.pl\/index.php?rest_route=\/wp\/v2\/pages\/55","targetHints":{"allow":["GET"]}}],"collection":[{"href":"https:\/\/frj.com.pl\/index.php?rest_route=\/wp\/v2\/pages"}],"about":[{"href":"https:\/\/frj.com.pl\/index.php?rest_route=\/wp\/v2\/types\/page"}],"author":[{"embeddable":true,"href":"https:\/\/frj.com.pl\/index.php?rest_route=\/wp\/v2\/users\/1"}],"replies":[{"embeddable":true,"href":"https:\/\/frj.com.pl\/index.php?rest_route=%2Fwp%2Fv2%2Fcomments&post=55"}],"version-history":[{"count":2,"href":"https:\/\/frj.com.pl\/index.php?rest_route=\/wp\/v2\/pages\/55\/revisions"}],"predecessor-version":[{"id":451,"href":"https:\/\/frj.com.pl\/index.php?rest_route=\/wp\/v2\/pages\/55\/revisions\/451"}],"wp:attachment":[{"href":"https:\/\/frj.com.pl\/index.php?rest_route=%2Fwp%2Fv2%2Fmedia&parent=55"}],"curies":[{"name":"wp","href":"https:\/\/api.w.org\/{rel}","templated":true}]}}